 m = 2 - -2. What is the remainder when 7 is divided by m?
3
Let v = -43 - -92. Calculate the remainder when v is divided by 10.
9
Let o(b) = 3*b - 6. What is the remainder when 22 is divided by o(4)?
4
Let v(o) = o**3 - 3*o**2 - 6*o - 7. Calculate the remainder when v(5) is divided by (-4 - (-144)/8) + -6.
5
Calculate the remainder when 253/7 - (-22)/(-154) is divided by 15.
6
Suppose 9 = q - 0*q + 3*h, -5*q + 2*h + 79 = 0. Calculate the remainder when 4*3/9*q is divided by 8.
4
Suppose q - 5*q + 184 = 0. Calculate the remainder when q is divided by 16.
14
Calculate the remainder when 140/6 - 52/39 is divided by 6.
4
Suppose 0 = 2*u - 8, -17 = 4*a - 9*a + 2*u. Suppose -5*h + a*l + 11 + 79 = 0, -4*h + 76 = -2*l. Calculate the remainder when 59 is divided by h.
19
Suppose -3*q + 38 + 19 = 0. Calculate the remainder when (-4)/10 - (-734)/10 is divided by q.
16
Suppose 2*r + 75 = 5*k, -5*k - 7*r + 3*r + 75 = 0. Suppose 0*o = -4*o + 8. Suppose 6*i = o*i + 36. What is the remainder when k is divided by i?
6
Let y(t) = 10*t**3 + 2*t + 1. Let k be y(-1). Let i = k + 21. What is the remainder when 29 is divided by i?
9
Let q = 6 + 3. Let f(u) = u**3 - 6*u**2 + 4. Let j be f(6). Suppose 0 = 4*b - t - 19, -j*b + 3*t = -2*b - 7. Calculate the remainder when q is divided by b.
4
What is the remainder when (-2230)/(-90) + (-4)/(-18) is divided by 9?
7
Let x(w) = 7*w + 4. Let l(v) = -3*v**2 - 1 + 8*v + 0*v**2 + 2*v**2. What is the remainder when x(4) is divided by l(6)?
10
Let z = -4 - -13. Suppose 2*u - z - 21 = 0. Let v = 69 + -40. What is the remainder when v is divided by u?
14
What is the remainder when -4 + 2860/12 + 1/(-3) is divided by 47?
46
Suppose 0 = -n + 39 + 8. Suppose -7*v + 36 = -4*v. What is the remainder when n is divided by v?
11
Let x(g) = -g**3 - 7*g**2 - 10*g + 4. What is the remainder when 10 is divided by x(-5)?
2
Suppose 7*x + 20 = 2*x, 5*p + 5*x - 130 = 0. What is the remainder when 119 is divided by p?
29
Let c(i) = 32*i**2 + 2*i + 1. Let q be c(-1). Let h = -85 + q. What is the remainder when 12 is divided by (-2)/9 + (-282)/h?
2
Let t(c) = c**3 - 4*c**2 - 4*c + 6. Let r be t(4). Let w be 0 - (1 + -1) - -18. Let l = r + w. Calculate the remainder when 15 is divided by l.
7
What is the remainder when 0/(-2) + (5 + -11 - -94) is divided by 18?
16
Let m(o) = 8*o**2 - 2*o - 1. Calculate the remainder when 33 is divided by m(-1).
6
Suppose 0 = -4*y + 2 - 6. What is the remainder when 43 is divided by y + ((-3)/1 - -15)?
10
Let n be 2/(-9) - 214/9. Let f = -14 - n. What is the remainder when 18 is divided by f?
8
Let s(p) = -p + 3. What is the remainder when ((-4)/12)/(2/(-6)) is divided by s(2)?
0
Let d = 84 - 67. Calculate the remainder when 25 is divided by d.
8
Suppose 0 = 3*u - 0*u. Suppose 5*g - 34 = -3*b, u = -g - 2*b - 0*b + 11. What is the remainder when g is divided by 3?
2
Suppose 3*m = -2*h + 7, 2*h - 14 = h - 5*m. Calculate the remainder when 21 is divided by 6*h/(-2) - -5.
5
Let d be 8/6 - 2/(-3). Suppose 5*f - 8 = 4*b, -d = b - 5. What is the remainder when 6 is divided by f?
2
Suppose -6 - 204 = -3*p. Calculate the remainder when p is divided by 18.
16
Calculate the remainder when 46/437 + (-416)/(-19) is divided by 10.
2
Calculate the remainder when 1 + -2 + (3 - -80 - 2) is divided by 27.
26
Let t(f) = f**3 + 9*f**2 - f - 9. Let k be t(-9). Suppose r - 11 = -k*r. What is the remainder when 32 is divided by r?
10
Let k be -1*(-1 + 3 + -21). Let a = k + -10. Calculate the remainder when a is divided by 4.
1
Calculate the remainder when ((-1)/2)/(1/(-46)) is divided by 13.
10
Let b(o) = 3*o**2 + 7*o + 7. What is the remainder when b(-5) is divided by 13?
8
Suppose -5*o = -4*i + 206, 2*i + 128 = 2*o - 5*o. Let x(b) = b**2 - 4. Calculate the remainder when (1 - o) + (-45)/(-15) is divided by x(-4).
10
Let w = -89 - -140. What is the remainder when 253 is divided by w?
49
Suppose 0*f = 3*f - 213. Calculate the remainder when f is divided by 18.
17
Suppose -3*f - 62 = -w, 4*w + 0*f - 248 = 3*f. Calculate the remainder when w is divided by 21.
20
Let p(b) = -b**3 - 7*b**2 - 8*b. Suppose 10 = f - 2*f. Let v = -16 - f. Calculate the remainder when 22 is divided by p(v).
10
Let g(a) = 40*a. Suppose -s + 89 = 4*k, -k + 6 = -3*s - 0*s. What is the remainder when g(1) is divided by k?
19
Let x = 13 + 8. Suppose -4*u - 38 = -6*u. Suppose 5*y = 2*g - u - 3, -3*y = 2*g - 22. Calculate the remainder when x is divided by g.
10
Let m(o) = 8*o**2 + 1. Calculate the remainder when m(3) is divided by 41.
32
Suppose 2*v - 32 = 40. What is the remainder when v is divided by 2/((40/76)/5)?
17
Suppose -3*h + c - 17 = -0*c, 5*h + 2*c = -10. Suppose -2*k + 36 = 2*k. Calculate the remainder when k is divided by (-10)/h*(-2 + 4).
4
Let t = -8 - -21. Suppose 2*k = q - 41, 4*q - 28 = 2*k + 124. What is the remainder when q is divided by t?
11
Let y(m) = -m**3 + 2*m**2 + m. Let k be y(-1). What is the remainder when k/(-5) - 102/(-5) is divided by ((-1)/1)/1 - -8?
6
Let t(h) be the third derivative of -h**5/60 - 5*h**4/24 - 2*h**3/3 + 4*h**2. Let k = 4 + -7. Calculate the remainder when t(k) is divided by 2.
0
Suppose -53 = -3*q + 4. What is the remainder when 75 is divided by q?
18
Let q(u) = -u. Calculate the remainder when 1 is divided by q(-1).
0
Calculate the remainder when 10 - -5 - (-1)/(2/8) is divided by 11.
8
Suppose 0 = -c + 4*g - 11, 5*c - 2*g - 33 = -4*g. Let p = c - -4. Calculate the remainder when 24 is divided by p.
6
Let q(v) = v**3 + 9*v**2 + 4*v + 6. Let x be q(-9). Let n(z) = -17*z. Let f be n(1). Let s = f - x. What is the remainder when 38 is divided by s?
12
Suppose 11 = -5*l + 231. Suppose 45 = 6*y - 3*y. What is the remainder when l is divided by y?
14
Let x(m) = -13*m + 2. Let q be x(2). Let o = 42 + q. Let c = o - 1. What is the remainder when 33 is divided by c?
16
Let u = 10 + -6. Let n = -61 + 63. Calculate the remainder when u is divided by n.
0
Suppose -5*s + 44 + 11 = 0. Suppose 0 = -x + 2 + 38. Calculate the remainder when ((-18)/(-12))/(3/x) is divided by s.
9
Let r = -19 - -50. Suppose -3*a = -5*l - 280, a - 66 = -4*l + 16. Calculate the remainder when a is divided by r.
28
Suppose -13*w + 15 = -8*w. Suppose -w = -2*n + 11. Let q(x) = -4*x - 7. What is the remainder when q(-5) is divided by n?
6
Let n be 3 + (-3 - 1*-2). Let x be -20*n*15/(-6). Suppose 0 = -7*z + 3*z + x. Calculate the remainder when z is divided by 13.
12
Suppose 3*h = h + 178. Suppose 5*m + 56 = 4*m + 2*i, -2*i - 52 = m. Let j = h + m. Calculate the remainder when j is divided by 12.
11
Suppose -3*i - 4 + 14 = 5*s, 0 = -i. Let h = 8 - 4. What is the remainder when h is divided by s?
0
Let y(x) = 5*x + 13. Calculate the remainder when 47 is divided by y(0).
8
Suppose -4 = -h - h. Suppose 0*j + 30 = h*j. Suppose -5 - 11 = -4*p, 2*p = 4*v - 220. Calculate the remainder when v is divided by j.
12
Suppose 0 = -3*n - n + 36. Let y be (3 - 2)*2 + n. Let u = 21 + y. What is the remainder when u is divided by 11?
10
Suppose -47*y - 14 = -49*y. Calculate the remainder when 16 is divided by y.
2
Suppose -10*w = -15*w + 90. Calculate the remainder when w is divided by 11.
7
Let u = 23 + 2. What is the remainder when 74 is divided by u?
24
What is the remainder when 76 is divided by (-92)/(-8) - 2/4?
10
Let l(a) = -9*a - 3. Calculate the remainder when 27 is divided by l(-2).
12
Calculate the remainder when 49*-2*7/(-14) is divided by 17.
15
Let b = -5 + 11. What is the remainder when b is divided by 3?
0
Suppose -2*v = 3*v - 670. What is the remainder when v is divided by 17?
15
Suppose o - 69 = 5*t, -o - 3*t = 2*t - 19. Suppose j - 23 = 5*q - 3, -5*j = 3*q - 72. Suppose -j = -d - 0*d. What is the remainder when o is divided by d?
14
Let q(o) = -14*o**3 - 2*o**2 - 2*o - 1. Suppose 11*t - 27 - 17 = 0. What is the remainder when q(-1) is divided by t?
1
Let l be (6/(-4))/(5/10). Let m be -6*(-3 + 0)/l. Let a = 21 + m. Calculate the remainder when a is divided by 8.
7
Let b(c) = c**2 + 5*c - 10. Let v be b(-8). Suppose -5*w + v = -4*w. What is the remainder when 52 is divided by w?
10
Let l(v) be the second derivative of -v**5/20 - v**4/12 + v**3/6 + 9*v**2/2 - 9*v. What is the remainder when l(0) is divided by 4?
1
Let g = -84 + 109. Suppose -2*f + f + 9 =